608638?
2, 347, 877
List the prime factors of 40891.
103, 397
List the prime factors of 1402161.
3, 31, 15077
List the prime factors of 1315551.
3, 438517
List the prime factors of 1950902.
2, 61, 15991
What are the prime factors of 2694467?
53, 50839
List the prime factors of 577908.
2, 3, 5351
List the prime factors of 1258951.
23, 127, 431
List the prime factors of 12338584.
2, 911, 1693
List the prime factors of 50147.
50147
What are the prime factors of 1832583?
3, 17, 35933
What are the prime factors of 3891376?
2, 107, 2273
What are the prime factors of 1339533?
3, 13, 107
What are the prime factors of 2043650?
2, 5, 7, 5839
List the prime factors of 1065428.
2, 7, 13, 2927
List the prime factors of 6191601.
3, 13, 158759
What are the prime factors of 272993?
7, 59, 661
What are the prime factors of 100492?
2, 7, 37, 97
What are the prime factors of 17243287?
17, 769, 1319
What are the prime factors of 6978713?
7, 149, 6691
List the prime factors of 66465.
3, 5, 7, 211
What are the prime factors of 676741?
13, 52057
What are the prime factors of 463830?
2, 3, 5, 15461
List the prime factors of 8258954.
2, 11, 375407
What are the prime factors of 380023?
7, 233
List the prime factors of 632748.
2, 3, 67, 787
List the prime factors of 30011.
30011
List the prime factors of 15992.
2, 1999
What are the prime factors of 2604441?
3, 7, 124021
List the prime factors of 643526.
2, 13, 53, 467
What are the prime factors of 4661450?
2, 5, 93229
What are the prime factors of 67386?
2, 3, 11, 1021
What are the prime factors of 826584?
2, 3, 11, 31, 101
List the prime factors of 64898.
2, 37, 877
What are the prime factors of 729443?
11, 13, 5101
What are the prime factors of 1419379?
13, 41, 2663
What are the prime factors of 113596?
2, 7, 4057
List the prime factors of 578659.
578659
List the prime factors of 2973039.
3, 151, 6563
What are the prime factors of 795527?
795527
What are the prime factors of 9022145?
5, 11, 164039
List the prime factors of 8109183.
3, 29, 83, 1123
What are the prime factors of 1355037?
3, 451679
What are the prime factors of 750582?
2, 3, 7, 23, 37
What are the prime factors of 1248?
2, 3, 13
What are the prime factors of 3026181?
3, 557, 1811
List the prime factors of 3071131.
7, 438733
List the prime factors of 485675.
5, 19427
List the prime factors of 222902.
2, 59, 1889
List the prime factors of 5077173.
3, 313, 5407
What are the prime factors of 2737802?
2, 61, 22441
What are the prime factors of 158611?
158611
What are the prime factors of 32800?
2, 5, 41
List the prime factors of 16412595.
3, 5, 379, 2887
What are the prime factors of 21286993?
7, 13, 233923
List the prime factors of 22318032.
2, 3, 11, 43, 983
What are the prime factors of 63050?
2, 5, 13, 97
What are the prime factors of 1529853?
3, 13, 39227
What are the prime factors of 329016?
2, 3, 13709
What are the prime factors of 181115?
5, 11, 37, 89
List the prime factors of 98777.
7, 103, 137
What are the prime factors of 2386968?
2, 3, 271, 367
List the prime factors of 504224.
2, 7, 2251
What are the prime factors of 10002197?
10002197
List the prime factors of 442513.
41, 43, 251
What are the prime factors of 1215575?
5, 48623
What are the prime factors of 4643413?
4643413
List the prime factors of 17458660.
2, 5, 17, 51349
List the prime factors of 478543.
13, 131, 281
What are the prime factors of 3575855?
5, 715171
What are the prime factors of 2330198?
2, 13, 19, 53, 89
List the prime factors of 1489215.
3, 5, 7, 13, 1091
What are the prime factors of 775384?
2, 103, 941
What are the prime factors of 6553623?
3, 29, 75329
List the prime factors of 74113.
13, 5701
What are the prime factors of 2621589?
3, 873863
List the prime factors of 11039823.
3, 313, 3919
What are the prime factors of 184400?
2, 5, 461
List the prime factors of 20119303.
20119303
List the prime factors of 817884.
2, 3, 7573
What are the prime factors of 6922123?
13, 617, 863
What are the prime factors of 23903277?
3, 61, 130619
List the prime factors of 149670.
2, 3, 5, 1663
What are the prime factors of 886504?
2, 110813
List the prime factors of 6422678.
2, 457, 7027
What are the prime factors of 797218?
2, 398609
What are the prime factors of 336437?
336437
What are the prime factors of 1850761?
11, 311, 541
What are the prime factors of 17282149?
17, 1016597
What are the prime factors of 19401052?
2, 11, 19, 23, 1009
List the prime factors of 2327627.
29, 80263
List the prime factors of 1427716.
2, 356929
List the prime factors of 1451421.
3, 29, 67, 83
List the prime factors of 3702989.
47, 78787
What are the prime factors of 21042276?
2, 3, 47, 37309
List the prime factors of 32086863.
3, 23, 155009
What are the prime factors of 8720775?
3, 5, 7, 113
What are the prime factors of 2480972?
2, 13, 47711
List the prime factors of 5858537.
23, 103, 2473
What are the prime factors of 859128?
2, 3, 35797
What are the prime factors of 631459?
631459
What are the prime factors of 3973656?
2, 3, 165569
What are the prime factors of 5520571?
7, 59, 13367
List the prime factors of 827368.
2, 103421
What are the prime factors of 544467?
3, 7, 11, 2357
What are the prime factors of 1227013?
109, 11257
What are the prime factors of 246133?
246133
List the prime factors of 2232473.
599, 3727
What are the prime factors of 181670?
2, 5, 37, 491
What are the prime factors of 60479?
197, 307
What are the prime factors of 20297472?
2, 3, 13, 19, 107
List the prime factors of 102765.
3, 5, 13, 17, 31
What are the prime factors of 259383?
3, 86461
List the prime factors of 4267379.
29, 147151
What are the prime factors of 521137?
521137
List the prime factors of 322048.
2, 17, 37
What are the prime factors of 2066642?
2, 23, 44927
List the prime factors of 6509554.
2, 61, 229, 233
What are the prime factors of 154777?
7, 22111
What are the prime factors of 191536?
2, 11971
List the prime factors of 5102195.
5, 7, 145777
What are the prime factors of 20039070?
2, 3, 5, 131, 5099
What are the prime factors of 1809683?
1809683
List the prime factors of 3807639.
3, 11, 38461
What are the prime factors of 1503?
3, 167
What are the prime factors of 973769?
19, 53, 967
What are the prime factors of 771496?
2, 11, 797
List the prime factors of 431033.
41, 10513
List the prime factors of 7559362.
2, 151, 25031
List the prime factors of 8982278.
2, 59, 163, 467
List the prime factors of 7979486.
2, 337, 11839
What are the prime factors of 2209871?
19, 107, 1087
List the prime factors of 34196.
2, 83, 103
What are the prime factors of 1638684?
2, 3, 15173
What are the prime factors of 384513?
3, 67, 1913
What are the prime factors of 1998346?
2, 7, 47, 3037
What are the prime factors of 7692176?
2, 480761
List the prime factors of 874616.
2, 17, 59, 109
List the prime factors of 858804.
2, 3, 59, 1213
What are the prime factors of 5758917?
3, 157, 12227
List the prime factors of 1104977.
163, 6779
List the prime factors of 27395722.
2, 227, 60343
List the prime factors of 2495883.
3, 13, 63997
List the prime factors of 1023472.
2, 47, 1361
List the prime factors of 854912.
2, 6679
What are the prime factors of 319284?
2, 3, 7, 181
List the prime factors of 1540881.
3, 19, 9011
List the prime factors of 56026.
2, 109, 257
What are the prime factors of 230779?
230779
What are the prime factors of 23252728?
2, 31, 93761
What are the prime factors of 3846157?
7, 53, 1481
List the prime factors of 925596.
2, 3, 7, 3673
List the prime factors of 4396418.
2, 13, 169093
List the prime factors of 229097.
11, 59, 353
List the prime factors of 577639.
577639
What are the prime factors of 17970013?
41, 401, 1093
List the prime factors of 32820248.
2, 223, 18397
List the prime factors of 10150647.
3, 13, 20021
What are the prime factors of 1519892?
2, 11, 34543
What are the prime factors of 4105061?
257, 15973
What are the prime factors of 2867951?
17, 73, 2311
What are the prime factors of 154655?
5, 30931
List the prime factors of 1571602.
2, 785801
What are the prime factors of 5074904?
2, 23, 27581
What are the prime factors of 4704117?
3, 11, 12959
What are the prime factors of 576711?
3, 139, 461
List the prime factors of 116560.
2, 5, 31, 47
List the prime factors of 7346491.
109, 67399
What are t